ulate m(-86).
3
Let a(o) = 57*o + 1. Give a(-4).
-227
Let m(d) = -104*d - 325. Calculate m(-6).
299
Let r(h) = -124*h + 9167. Calculate r(74).
-9
Let x(s) = -5*s - 292. Determine x(-45).
-67
Let k(a) = -93*a + 183. Determine k(2).
-3
Let b(r) = -27*r - 209. Give b(-8).
7
Let w(h) = 52*h - 6068. Give w(124).
380
Let a(u) = 791*u - 2388. Calculate a(3).
-15
Let t(n) = 2*n**3 + n**2 - n - 141. Give t(0).
-141
Let o(v) = -v**3 + 62*v**2 - 39*v - 1349. Determine o(61).
-7
Let l(m) = -m**3 - 20*m**2 - 82*m - 96. What is l(-15)?
9
Let g(f) = -6*f**2 + 98*f + 20. Determine g(16).
52
Let u(t) = 963*t + 14373. Give u(-15).
-72
Let r(a) = 30*a - 365. Calculate r(13).
25
Let o(n) = n**2 - 70*n - 300. What is o(-4)?
-4
Let x(t) = -t**2 - 30487*t - 30486. Calculate x(-1).
0
Let n(k) = -k**2 - 203*k + 1901. Determine n(9).
-7
Let d(l) = -3*l**2 + 4*l + 73. Calculate d(10).
-187
Let r(q) = q**2 + 31*q + 1. Determine r(-25).
-149
Let c(p) = -p**3 - 2*p**2 + 88*p - 3. Give c(-10).
-83
Let a(v) = 8*v**3 + v**2 + v + 1. Determine a(-1).
-7
Let p(a) = 10578*a - 1. Determine p(0).
-1
Let t(r) = -r - 94. What is t(19)?
-113
Let l(t) = -5*t**3 + 68*t**2 + 18*t - 34. What is l(14)?
-174
Let q(g) = g**2 - 5*g - 45. Give q(-14).
221
Let o(h) = 386*h + 1153. Determine o(-3).
-5
Let j(k) = -343*k - 1363. Give j(-4).
9
Let m(o) = 63*o + 964. What is m(-15)?
19
Let q(m) = -2808*m + 292038. What is q(104)?
6
Let l(z) = 18*z - 2. Determine l(-2).
-38
Let v(x) = x**3 + 6*x**2 - 53*x + 4. Determine v(5).
14
Let t(i) = -3*i**2 - 5*i + 19. Give t(2).
-3
Let r(k) = -k**3 - 17*k**2 + 16*k - 69. What is r(-17)?
-341
Let m(z) = 3*z**2 - 68*z + 27. Give m(13).
-350
Let h(u) = -22*u - 71. Give h(-13).
215
Let g(y) = -y**3 + 34*y**2 + 100*y + 126. Determine g(37).
-281
Let r(l) = -3*l**2 - 95*l + 6199. Give r(-64).
-9
Let a(l) = -2*l**2 + 12*l - 17. Calculate a(11).
-127
Let i(o) = -15*o + 202. Calculate i(14).
-8
Let x(n) = -7*n**2 - 57*n + 10. Determine x(-8).
18
Let y(u) = -38*u - 821. Calculate y(-22).
15
Let s(o) = -4*o**2 - 34*o - 34. Give s(-2).
18
Let k(q) = -q**2 + 72*q - 1257. Give k(33).
30
Let g(z) = z**3 - 12*z**2 - 30*z + 187. Determine g(14).
159
Let s(j) = -j**3 - 29*j**2 - 64*j + 369. Give s(-26).
5
Let y(r) = -21*r + 957. What is y(43)?
54
Let v(b) = b**3 - 89*b**2 - 4501*b + 124. What is v(125)?
-1
Let r(w) = -w**2 - 121*w - 2135. Calculate r(-21).
-35
Let x(g) = 775*g - 784. Calculate x(1).
-9
Let w(c) = 66*c**2 - 2232*c - 422. Determine w(34).
-14
Let f(m) = m**3 + 4*m**2 - 119*m + 14. Give f(6).
-340
Let v(a) = 2*a**2 - 30*a + 2. Determine v(17).
70
Let r(w) = -7*w**2 + 13*w - 81. Give r(5).
-191
Let h(j) = j**2 + 26*j + 70. What is h(-4)?
-18
Let b(t) = -3*t**3 - 4*t**2 - 6*t - 5. Calculate b(0).
-5
Let t(g) = 11*g**2 - 148*g - 255. Calculate t(15).
0
Let l(t) = 3*t**3 + 66*t**2 + t + 20. Determine l(-22).
-2
Let o(r) = 3*r**3 - 32*r**2 - 14*r + 23. What is o(11)?
-10
Let f(o) = -2*o**2 + 26*o - 42. What is f(10)?
18
Let p(v) = -5*v**2 + 24*v - 47. Calculate p(0).
-47
Let k(p) = -3*p**2 + 930*p - 3674. Determine k(4).
-2
Let j(d) = 74*d - 461. Determine j(4).
-165
Let c(q) = 51*q - 15858. Determine c(311).
3
Let y(k) = -2*k**2 - 459*k - 1800. Give y(-4).
4
Let a(t) = 19*t**3 + 133*t**2 - 9*t - 74. What is a(-7)?
-11
Let a(m) = -37*m - 227. Determine a(-5).
-42
Let u(p) = 23*p**3 + 3*p**2 + 9*p + 7. Determine u(-1).
-22
Let s(m) = 13*m + 169. Give s(-12).
13
Let z(b) = 75*b + 181. Determine z(-5).
-194
Let n(c) = -c**3 + 29*c**2 - 40*c + 1160. Determine n(29).
0
Let a(u) = 2*u**2 + 58*u - 398. What is a(6)?
22
Let g(t) = -65*t - 323. Calculate g(-5).
2
Let c(w) = -3*w**3 - 200*w**2 + 390*w + 10. Calculate c(2).
-34
Let y(i) = -20*i**3 - 3*i**2 + 4*i - 2. Calculate y(1).
-21
Let c(q) = 5*q + 365. What is c(-30)?
215
Let a(h) = -h**3 + 32*h**2 - 193*h + 31. Calculate a(24).
7
Let w(l) = -l**2 - 9*l + 1620. Determine w(36).
0
Let i(p) = -22*p + 60. Determine i(0).
60
Let i(c) = c + 244. Give i(-118).
126
Let x(p) = 2*p**3 + 48*p**2 + 90*p + 65. Give x(-22).
21
Let h(j) = 158*j + 97. What is h(-1)?
-61
Let v(z) = -3*z**2 + 16*z + 11. What is v(7)?
-24
Let n(v) = -2*v**3 + 253*v**2 - 1093*v - 602. Give n(122).
8
Let w(m) = 7*m**2 - 122*m - 74. Determine w(18).
-2
Let n(j) = 2*j**3 - 67*j**2 + 36*j - 70. What is n(33)?
29
Let q(a) = -a**3 - 29*a**2 - 104*a - 677. What is q(-26)?
-1
Let u(p) = -4*p**2 + 49*p - 131. Give u(6).
19
Let b(j) = -307*j - 926. Give b(-3).
-5
Let r(j) = -j**3 + 60*j**2 + 399*j - 195. What is r(66)?
3
Let j(q) = q**2 + 34*q - 8. Give j(-34).
-8
Let v(g) = -117*g - 818. Determine v(-7).
1
Let c(x) = 146*x**3 + 4*x**2 - 21*x + 19. Determine c(1).
148
Let u(o) = 110*o**2 + 674*o + 68. Determine u(-6).
-16
Let z(t) = t**3 + 59*t**2 + 296*t - 70. Give z(-6).
62
Let z(l) = 71*l - 76. Determine z(1).
-5
Let h(f) = f**3 + 3*f**2 + 22*f + 55. Calculate h(-3).
-11
Let n(r) = r**3 - 17*r**2 + 23*r + 97. Give n(15).
-8
Let v(i) = -276*i - 3311. What is v(-12)?
1
Let n(i) = -i**3 - 61*i**2 + 60*i - 123. Give n(-62).
1
Let s(u) = 30*u + 134. Calculate s(-3).
44
Let d(z) = z**2 + 125*z + 1189. Give d(-10).
39
Let f(u) = -u**2 + 18*u + 55. Give f(-5).
-60
Let m(y) = 26*y**3 - 680*y**2 + 102*y + 69. Calculate m(26).
17
Let u(t) = -t**3 + 87*t**2 - 788*t + 77093. Give u(88).
5
Let h(n) = n**3 + 5*n**2 - 11*n + 6. Determine h(-5).
61
Let b(a) = -2*a**2 - 127. Determine b(0).
-127
Let i(a) = -a**3 + 38*a**2 + 48*a - 261. Calculate i(39).
90
Let t(m) = 1270*m - 48255. Give t(38).
5
Let a(t) = t**2 + 79*t - 442. What is a(-81)?
-280
Let i(m) = 275*m**2 - 1671*m + 3. Give i(6).
-123
Let a(b) = 2*b**3 - 36*b**2 + 90*b - 22. What is a(15)?
-22
Let t(z) = 2*z**3 + 120*z**2 - 1091*z - 142. Give t(-68).
62
Let i(z) = -z**3 - 48*z**2 + 129*z - 1222. Calculate i(-51).
2
Let q(s) = -103*s + 172. Determine q(2).
-34
Let j(u) = -7*u**3 + 152*u**2 + 26*u + 406. Determine j(22).
10
Let q(m) = m**3 + 7*m**2 - 45*m - 213. What is q(-9)?
30
Let s(c) = 6*c**2 + 47*c - 208. Give s(-12).
92
Let n(v) = -3*v + 66. Calculate n(10).
36
Let p(z) = -z**3 - 6*z**2 + 52*z + 5. Give p(5).
-10
Let v(z) = 7*z**2 + 183*z + 916. Give v(-6).
70
Let h(t) = -2*t**3 - 388*t**2 + 1989*t - 176. Give h(-199).
23
Let w(s) = -356*s + 34902. Determine w(98).
14
Let y(j) = j**3 + 5*j**2 - 17*j - 5. What is y(0)?
-5
Let n(o) = 1305*o - 6518. Give n(5).
7
Let m(k) = 5*k**2 + 171*k + 1060. Determine m(-8).
12
Let f(o) = 2*o**3 - 11*o**2 - 12*o - 12. What is f(6)?
-48
Let c(z) = -26539*z - 26531. What is c(-1)?
8
Let z(k) = -187*k - 523. Determine z(-3).
38
Let j(u) = u**3 - 63*u**2 - 59*u - 202. What is j(64)?
118
Let k(n) = 89*n**3 - n**2 - 3*n - 1. Give k(-1).
-88
Let z(r) = 305*r + 2796. What is z(-9)?
51
Let k(z) = 4*z**3 - 43*z**2 + 22*z + 17. Give k(10).
-63
Let a(f) = 14*f + 235. Give a(-26).
-129
Let o(p) = -216*p - 380. Calculate o(-2).
52
Let r(k) = 819*k + 18842. Give r(-23).
5
Let q(w) = -247*w**2 - 21*w - 24. Determine q(-1).
-250
Let y(u) = 2*u**2 - 85*u - 759. What is y(50)?
-9
Let l(p) = -247*p + 14537. Calculate l(59).
-36
Let m(y) = 8*y**2 + 148*y + 79. Calculate m(-17).
-125
Let n(l) = 22*l**3 - 334*l**2 + 61*l - 9. Determine n(15).
6
Let q(r) = 307*r + 572. What is q(-2)?
-42
Let y(x) = -14*x + 95. What is y(8)?
-17
Let q(o) = 95*o - 537. Calculate q(6).
33
Let b(v) = 2*v**3 + 109*v**2 - 35*v - 4881. Give b(-54).
-75
Let y(a) = -a**3 + 20*a**2 - 385. Calculate y(19).
-24
Let v(j) = j**3 + 24*j**2 + 119*j + 11. What is v(-8)?
83
Let v(o) = -2*o**2 + 33*o + 127. Calculate v(20).
-13
Let l(c) = c - 54. Give l(7).
-47
Let z(x) = -3*x**3 - 15*x**2 + 50*x - 155. Give z(-8).
21
Let k(b) = -2*b**3 + 38*b**2 - 20*b + 2. Calculate k(19).
-378
Let q(s) = 8*s**2 - 4*s - 6. Calculate q(-4).
138
Let k(o) = -262*o**2 + 4169*o + 370. Determine k(16).
2
Let m(a) = a**2 + 76*a - 1064. Give m(12).
-8
Let o(j) = j**3 + 4*j**2 - 16*j - 61. Determine o(-4).
3
Let b(m) = -m**2 + 38*m + 4969. Determine b(92).
1
Let j(f) = f**2 + 64*f + 526. What is j(-21)?
-377
Let x(o) = 11*o**2 - 318*o - 26. What is x(29)?
3
Let p(c) = 17*c - 222. Calculate p(11).
-35
Let u(y) = -y**3 + 5*y**2 + 6*y - 39. Determine u(5).
-9
Let i(j) = 3149*j + 28383. Determine i(-9).
42
Let o(t) = -3*t**2 - 5*t + 6. What is o(8)?
-226
Let d(c) 